Suppose -l - p = 3*q, 3*l + 0*q = -5*q + 3. Let i(k) = -16*k + 2 + 14*k + 2. Give i(l).
-8
Let q(t) be the first derivative of -5 + 4 + 3 + 4 + 3*t**2. Calculate q(1).
6
Let f(c) be the third derivative of -c**6/60 - c**5/20 - c**4/24 + c**3/6 + 15*c**2. Let i = 3 - 5. What is f(i)?
7
Let j(s) = -s**2 + 5*s - 1. Let t(r) = 3*r**2 + 5*r + 4. Let i be t(-2). What is j(i)?
-7
Let i(f) = f**3 - 2*f**2 + f. Let y be (6/4)/(12/16). Let m = 8 + -4. Let u = m - y. Calculate i(u).
2
Let r(p) = -p**2 - p - 16. Suppose -3*f = 1 - 1. Calculate r(f).
-16
Let a = 7 + -1. Let g(z) be the second derivative of -z**4/12 + 2*z**3/3 + 4*z**2 - 2*z. Determine g(a).
-4
Suppose 0 = 4*b - 0*b. Let p(g) = g + 5. Let t be p(-3). Let q(v) = -2*v**3 + v**3 + v**2 + b*v**t. What is q(1)?
0
Let j be (-1)/((-6)/(-4) - 2). Let n(f) = -4*f + 14. Let o(w) = -2*w + 7. Let h(y) = j*n(y) - 5*o(y). Let u be 3*15*1/9. What is h(u)?
3
Let f(y) be the third derivative of 0 + 1/180*y**6 + 2/3*y**3 + 0*y**5 + 0*y - 4*y**2 + 1/24*y**4. Let q(n) be the first derivative of f(n). Determine q(-1).
3
Let j(l) = 3*l + 5. Let s(w) = -w**3 - 5*w**2 + 5*w - 4. Let h be s(-6). Let p(t) = -t - 1. Let z(f) = h*j(f) + 9*p(f). Calculate z(4).
-11
Let p(t) be the first derivative of t**4/4 - t**3 - 3*t**2 + 4*t - 12. Calculate p(4).
-4
Let j(a) = -a**2 + a + 3. Let v(p) = -p + 2. Suppose -6*c = -5*w - 3*c - 47, -4*c + 9 = w. Let q be v(w). Suppose q = o + 2*o. Determine j(o).
-3
Let m(f) = -f**3 - 3*f**2. Let a = -20 - 5. Let c be ((-15)/a)/((-1)/5). Determine m(c).
0
Let i(c) = c**3 + 4*c**2 + 5*c + 3. Suppose 0 = a - 2*o + 7, -a + 4*o = -6*a - 7. Determine i(a).
-3
Let u(o) = o - 1. Let k(a) be the third derivative of 1/8*a**4 - a**2 + 0 + 0*a - 1/2*a**3. Let z(d) = 6*k(d) - 17*u(d). Determine z(2).
1
Let a(v) = -6*v + 3. Let b(z) = -z**3 - 10*z**2 + 10. Let t be b(-10). Suppose -4*k + t = k. Give a(k).
-9
Let k = 0 + -2. Let i(p) = 6*p + 4. Let n(s) = -2*s - 1. Let c(g) = 4*i(g) + 14*n(g). Determine c(k).
10
Let f(j) be the second derivative of j**4/24 - j**3/6 - 5*j**2/2 + j. Let a(c) be the first derivative of f(c). Determine a(0).
-1
Suppose 6 = 5*l - 19. Suppose -l*h + 12 + 8 = 0. Suppose i = -h*i + 10. Let u(z) = z - 2. Calculate u(i).
0
Let i(l) = 6*l**2 - 11*l + 6*l**2 + 3*l**2 - l**3 - 25*l**2 - 11. Give i(-9).
7
Let q(c) be the second derivative of -c**3/3 + 3*c**2/2 - 5*c. Calculate q(5).
-7
Suppose 8 = -b - 1. Suppose -3*c - 1 + 2 = -v, 0 = -3*v - 4*c - 29. Let q = v - b. Let p(y) = 2*y**2 - y. Determine p(q).
6
Let d(s) be the third derivative of -s**4/24 - 5*s**3/3 + 5*s**2. Give d(-12).
2
Let p = 9 + -1. Let v = p - 14. Let c be (6/4)/(v/(-8)). Let n(b) = -3*b + 3. Give n(c).
-3
Suppose 5*g + t = -5, 5*g + 5 = -6*t + 3*t. Let s be g - -2*(-3)/(-2). Suppose 3*r = -s*r + 20. Let u(h) = -3*h + 2. Calculate u(r).
-10
Let n(v) = -3*v**2 + 1 + v + 0*v + v**2. Suppose 0 = 3*w + 5*a + 6, -5*w + 4*a + 18 = 3*a. Calculate n(w).
-14
Let v(n) be the second derivative of -n**3 - 3*n**2/2 - 32*n. What is v(-4)?
21
Let c(s) = 3*s**3 - 3*s**2 - 6*s + 8. Let k(m) = m**3 - m**2 - 2*m + 3. Let x(i) = -4*c(i) + 11*k(i). Determine x(-1).
1
Suppose -3*v = -0*j - 3*j + 21, -v - 15 = -5*j. Let z(y) = 5*y**2 - j*y**2 + y**2 + y**3 - 1 - 3*y**2 + y. Determine z(-2).
-7
Suppose 2*u - 6*u + 2 = -3*y, -5*u = 4*y + 44. Let l(p) = -p**2 - 4*p + 4. Determine l(y).
-8
Let h(g) = -g - 1. Let s(m) = 5*m + 8. Let c(u) = -4*h(u) - s(u). Let f(p) = 2*p + 7. Let v(b) = 7*c(b) + 3*f(b). Determine v(0).
-7
Suppose -3*m + 5*f = -7, 2 + 3 = -m - 2*f. Let a(w) = -3*w - 4*w**3 - w**2 + w + 2 + 0*w - 3. Give a(m).
4
Let d(c) = -5*c**2 - c. Let p(y) = 2*y**2. Let b(f) = -3*d(f) - 8*p(f). Calculate b(4).
-4
Let x(k) = -11*k - 4. Let s(t) = 31*t + 11. Let h(y) = 6*s(y) + 17*x(y). Let l be 4/(-1) + 2 + -2. Give h(l).
2
Let d(w) = w**2 + 3*w - 7. Let t be d(-5). Suppose -z = 3*v - 0 + 3, -3*z - 9 = -t*v. Let h(l) = l**2 + 2*l + 3. Determine h(z).
6
Let x(r) = -r**2 + r - 1. Let t be 1 - 8/(-20)*-5. Let u(q) = -q**3 - 8*q + 1. Let m(f) = t*u(f) - 4*x(f). Determine m(-3).
0
Let p(l) be the second derivative of l**4/12 - 2*l**3/3 + 2*l**2 + 10*l. What is p(4)?
4
Let o(y) = y**2 + 3*y - 5. Suppose -s + 56 = 3*s. Suppose -3*f + s - 5 = 0. Let v be (-5)/((f - 2) + 0). What is o(v)?
5
Let m(q) = 4*q**2 + 40*q - 4. Let s be m(-10). Let i(r) = -r**2 + 4*r + 3. Give i(s).
-29
Let z(n) = -n**3 + 4*n**2 - 2. Let x be z(4). Let p(f) = -7*f. Give p(x).
14
Let t(p) be the third derivative of -p**8/960 - p**7/1260 + p**6/360 - p**5/120 + p**4/8 - 2*p**2. Let o(h) be the second derivative of t(h). Give o(1).
-8
Let j be 4 + -3 + (2 - 1). Let i(f) = 4*f + 1. Let y(t) = t. Let b(q) = 2*i(q) - 7*y(q). What is b(j)?
4
Suppose 0 = s - 2*s - 10. Let d be (-72)/(-30) - (-4)/s. Let y(p) = 2 + p**2 - d*p**2 + 5. What is y(0)?
7
Let a(d) be the third derivative of -d**6/120 - d**5/30 + d**4/12 - 40*d**2. Let j be (-3)/(-2)*(0 - 2). Calculate a(j).
3
Let i(l) be the third derivative of -l**5/60 - 7*l**4/24 - 2*l**3/3 - 4*l**2. Give i(-6).
2
Let d(f) = 0*f**2 + f**2 + 92 - 90 + 8*f. Determine d(-3).
-13
Let z(l) be the third derivative of -l**5/60 + l**4/6 + l**3/3 + l**2. Let u = -4 - -9. What is z(u)?
-3
Let c(a) = -a**3 + 4*a**2 - a - 3. Let r be (-2)/2 + -4 + 2. Let h = 2 - -1. Let f be r/(-3) + (h - 1). What is c(f)?
3
Suppose 2*u + 9 = 5*o, o = -o + u + 3. Suppose -n - o*n - 24 = 0. Let k(l) = -l**3 - 7*l**2 - 7*l - 5. Give k(n).
1
Suppose -a + 14 = 3*m + 2, -a = m - 6. Suppose -7 = m*l + 2. Let f(p) be the third derivative of p**4/12 + p**3/2 - p**2. What is f(l)?
-3
Let m(u) = -45*u - 3 + 90*u - 46*u. Suppose -4*t + k + 4 = 5*k, -3*t - 5*k - 3 = 0. Let j = -10 + t. Calculate m(j).
3
Let b(a) = 3*a + 9. Let w(h) = 7*h + 18. Let q(f) = -5*b(f) + 2*w(f). What is q(-4)?
-5
Let b(y) = -y - 3 - 1 - 3 + 2*y. What is b(5)?
-2
Let t(l) = 10*l - 3. Let s be t(1). Let m(c) = -c**2 + 8*c + 7. Calculate m(s).
14
Let a(f) = f**2 + 7*f + 6. Let g be a(-6). Let c(k) be the first derivative of -k**3/3 - 1. Let q be c(g). Let w(j) = j**3 - j**2 - 7. Determine w(q).
-7
Let w(f) be the second derivative of f**4/12 + f**2 + 31*f. Calculate w(0).
2
Suppose 11 = 3*c - 4. Let m(d) = d - 1. Let u(i) = i**3 - 4*i**2 - 11*i + 5. Let w(a) = -5*m(a) - u(a). Let f be w(c). Let r(z) = -z - 3. Determine r(f).
-8
Let x = -105 + 112. Let w(s) = -s**2 - 4*s - 3. Let v be w(-3). Let f(g) = -x*g - g**2 + v*g + 2 - 7. What is f(-5)?
5
Let w(h) be the second derivative of 2*h + 0 + h**2 - 1/6*h**3 - 1/6*h**4. Determine w(-2).
-4
Let d = 6 + -2. Let u(j) = 4*j + 10 - 9 - 3*j**2 + d*j**2. Determine u(-4).
1
Let f(d) = -d**2 - 7*d - 6. Let h be f(-6). Let o(a) = -5 + 3*a - 2*a + 1 + 8 - a**2. Calculate o(h).
4
Let l(a) = -6*a**2 - 2*a - 3. Let x be l(-2). Let u = x + 32. Let w be u/(-6) - 1/(-2). Let d(r) = -2*r. Determine d(w).
2
Let l(u) = -5*u**2 + 0*u**3 + u**2 + 5 + 3*u - u**3. Suppose -4*p + 22 = -3*c + 4*c, c - 2*p = -8. Suppose -3*h + d = c*h + 24, 0 = 4*d - 16. Determine l(h).
-7
Let u(v) = -v - 3. Suppose -4*w = -4*m + 32, -5*m + w = -2 - 18. Let b be u(m). Let c(p) = -p - 4. Calculate c(b).
2
Let r(u) = 4*u + 7. Let x(o) = -o - 2. Let z = -9 - -11. Let a(l) = z*r(l) + 9*x(l). Determine a(-5).
1
Suppose -5*u + 0*u = -10. Let q(f) = -1 + 129*f - 130*f + u + 1. Determine q(4).
-2
Suppose 5*g - 16 = g. Let y(i) be the second derivative of 0 - 1/4*i**4 + 1/20*i**5 + i**2 - 1/2*i**3 - 3*i. Calculate y(g).
6
Suppose 0*w = 4*w - 24. Let n(h) be the second derivative of 2*h + 0 + 2*h**2 - 1/6*h**3. Calculate n(w).
-2
Let m(l) = 0 - 603*l**3 + 2*l + 1 + 602*l**3. What is m(-2)?
5
Let m(t) = t**3 - 2*t**2 - 1. Let d be m(3). Suppose 2*b + 32 = 7*b + 2*r, 4*r + d = 2*b. Suppose b = v + 1. Let y(c) = c - 12. Calculate y(v).
-7
Let o be (4/(-3))/(4/12). Let r(w) = -4*w - 3. Determine r(o).
13
Suppose l + 11 = -3*d + 6*d, d - 27 = 5*l. Let o(t) = t**3 + 4*t**2 - 3*t - 3. What is o(l)?
-13
Let x(b) be the second derivative of -b**3/3 + 4*b**2 + 18*b. Give x(7).
-6
Let d(p) = -p**2 + 2*p. Let m be d(1). Let x = m + 4. Suppose -4*z = -x*k - 6*z - 14, -12 = 5*k + z. Let i(o) = -2*o**3 - 2*o**2 + 3*o + 2. Calculate i(k).
4
Let s be 15/(-4) + 1/(-4). Let c(k) be the second derivative of -2/3*k**3 - k 